se -2*s - 205 - l = -4*b, 0 = -b + 4*s + 75. What are the prime factors of b?
7, 13
Suppose 5*n - 3 = -b, -3*b + 9 = -0*n + 3*n. Let r = -11 + 16. List the prime factors of 31 - ((b - r) + -1).
2, 17
Suppose 4*k = 4, 30*u = 26*u + 3*k + 6937. What are the prime factors of u?
5, 347
Let w(y) = y**3 - 11*y**2 - 15*y + 48. Let l be w(12). Let f(s) = 4*s - 10. Let j be f(-8). List the prime factors of (-136)/(-14) - l/j.
2, 5
Let x = 281 - -1219. List the prime factors of x.
2, 3, 5
Let i(s) = -s**2 - 9*s + 13. Let c be i(-6). Suppose -c*u + 576 = -27*u. What are the prime factors of u?
2, 3
Let q = 98 + -32. Suppose 4*p + q = 5*p. What are the prime factors of p?
2, 3, 11
Let f(k) = 2*k**3 + 6*k**2 + 7*k + 14. List the prime factors of f(7).
7, 149
Suppose t + 0*t = 0, 0 = 3*j + t - 129. Let r = 98 - j. List the prime factors of r.
5, 11
Let v(x) = -14*x + 1. Let c = -2 + -4. Let l(n) = -29*n + 3. Let m(g) = c*l(g) + 13*v(g). What are the prime factors of m(-4)?
3
Let g(o) = o**3 + 0 + 5*o**2 + 3 + 3*o**2. Let n be g(-7). Suppose -3*k = -k + 5*b - n, 5*k = 5*b + 60. What are the prime factors of k?
2
Let i = 76 - 36. Suppose u - i = -5. List the prime factors of u.
5, 7
Let t = 166 - 117. Suppose -4*q = -5*x + 130, -x = -5*q - t - 103. What are the prime factors of q/(-4) + (-3)/(-6)?
2
Suppose 0 = -181*c + 182*c - 1182. List the prime factors of c.
2, 3, 197
Suppose -13*f + 22*f - 3294 = 0. What are the prime factors of f?
2, 3, 61
Suppose -12 = -4*m + c - 2*c, -2*m + c = 0. Let y be -6*(0 + m)*-21. What are the prime factors of ((-4)/6)/((-8)/y)?
3, 7
Let z = 2511 + -1188. List the prime factors of z.
3, 7
Let v = 50 - 26. Let g be (-15)/(-9)*v/20. Suppose 2*f + g*d + 2 = 0, 2*f + 17 = 6*f - 3*d. List the prime factors of f.
2
Suppose 0 = 2*q + 4*h + 4, 0 = -5*q + 2*h - 0*h + 14. Suppose t = -2*s + 95, -2*t - q*t + 320 = -4*s. List the prime factors of t.
5, 17
What are the prime factors of 36485/30 - 1 - (-1)/(-6)?
3, 5
Let k = -382 + 1349. What are the prime factors of k?
967
Let x = 194 - 158. What are the prime factors of x?
2, 3
Let s(v) = 40*v + 3. Let f be s(6). Suppose -5*q + f = 68. Suppose -5*m = q - 115. List the prime factors of m.
2
Let t = 9 - 0. Let d = -7 + t. Suppose -d*s - 3*s - 5*k = -100, 5*s = -2*k + 103. What are the prime factors of s?
3, 7
Let a = -2433 + 3951. List the prime factors of a.
2, 3, 11, 23
Suppose 12 = -90*i + 94*i. Suppose -i*g + 206 = -g. List the prime factors of g.
103
Suppose 633 = -5*d + 4*o, -d = 4*d + 4*o + 617. Let v = -249 - d. List the prime factors of ((-6)/4)/(6/v).
31
Suppose 0 = -p + 630 + 429. List the prime factors of p.
3, 353
Let p = -692 + 1539. What are the prime factors of p?
7, 11
Let n = -19 + 78. What are the prime factors of n?
59
Let u = -633 - -1024. List the prime factors of u.
17, 23
Let n be -1 + ((-16)/2 - -2). Let w(o) be the second derivative of -2*o**3/3 - 3*o**2/2 - 21*o. List the prime factors of w(n).
5
Let a be ((-42)/(-35))/((-12)/200). Let q = 87 + a. What are the prime factors of q?
67
Let r(a) be the second derivative of a**4/4 - 19*a**3/3 - 23*a**2/2 + 47*a. What are the prime factors of r(17)?
2, 3, 11
Let f = 1922 + -1161. List the prime factors of f.
761
Suppose -9940 = -19*k - 1276. What are the prime factors of k?
2, 3, 19
Let n(w) = 53*w**2 - 26*w - 76. What are the prime factors of n(-3)?
479
Let z be (0 + 141)/((-5)/10 + 2). Suppose q = z - 13. List the prime factors of q.
3
Let l = 739 + -475. List the prime factors of l.
2, 3, 11
Suppose 4*i - 29 = -2*h - 9, 2*i = 2*h + 4. Suppose -25 = -i*b + 35. What are the prime factors of b?
3, 5
Suppose 7*b - 3*b = -60. Let p(g) = g**2 + 12*g - 32. What are the prime factors of p(b)?
13
Let w = -112 + 1722. What are the prime factors of w?
2, 5, 7, 23
Let u(k) = k**2 - 2*k + 9. Let x(f) = -f**3 - 5*f**2 + 3*f - 25. Let q be x(-6). What are the prime factors of u(q)?
2, 3
Let q(b) be the first derivative of b**3 - 3*b**2 - 7*b - 4. What are the prime factors of q(7)?
2, 7
Let f(x) = -x**2 - x + 10. Let s be f(0). Suppose -s*u - 83 = -11*u. List the prime factors of u.
83
Suppose 23*x - 1668 = 19*x. What are the prime factors of x?
3, 139
Let k = 19 + -19. Suppose -c + 6 + 4 = k. Let t = c - -27. What are the prime factors of t?
37
Let u = 1707 + -1116. List the prime factors of u.
3, 197
Suppose -3516 = -6*l + 654. List the prime factors of l.
5, 139
Suppose -y + 43 = 137. Let r = y + 168. List the prime factors of r.
2, 37
Suppose 42510 = 42*s - 3*s. List the prime factors of s.
2, 5, 109
Let k(z) = 117*z**3 + 3*z**2 - 3*z + 1. Let x be k(1). Let r = -46 + x. List the prime factors of r.
2, 3
Let o(l) = -l + 204. Let a be o(0). Suppose -278 = 5*s + 2*r, 0*s - 3*r = -4*s - a. Let c = s + 92. What are the prime factors of c?
2, 19
Let f be (6 + 0)*(-56)/(-48). Suppose 61 - 1405 = -f*h. Suppose r = 5*r - h. List the prime factors of r.
2, 3
What are the prime factors of -816*(-3 + 45/20) - 4?
2, 19
Let r = 3757 + -2095. List the prime factors of r.
2, 3, 277
Let k be ((-81)/(-2))/((-1)/(-2)). Let w = k - 9. What are the prime factors of w?
2, 3
Suppose 0 = -4*a + k + 33, -2*a + 2 = -a + k. Suppose -a*m + 1321 + 261 = 0. What are the prime factors of m?
2, 113
Let k(m) be the second derivative of -m**5/20 + 2*m**4/3 - 11*m**3/6 + 3*m**2 - 2*m. Let t = -14 + 20. What are the prime factors of k(t)?
2, 3
Let i(r) = 13*r**2 + 3*r + 7. Let t(p) = 20*p**2 + 5*p + 11. Let d(m) = 8*i(m) - 5*t(m). Let b = 3 - 6. What are the prime factors of d(b)?
2, 5
Let b(s) = 58*s**2 + 9*s - 32. List the prime factors of b(5).
7, 11, 19
Let o = -364 - -728. What are the prime factors of o?
2, 7, 13
Let f = 244 + -130. List the prime factors of f.
2, 3, 19
Let i = 681 - 682. Let x(g) = -35*g**2 - 2*g + 3. Let k(w) = -53*w**2 - 3*w + 4. Let b(o) = -5*k(o) + 7*x(o). List the prime factors of b(i).
2, 5
Let y(h) = h + 16. Let k be y(-12). Let u(r) = -r**2 + 3*r + 7. Let o(m) = -m - 1. Let w(n) = k*o(n) - u(n). List the prime factors of w(11).
3, 11
Suppose 3*k = -2*c + 1280, 0 = 5*c + 3*k + k - 3193. Suppose -6*d = d - c. What are the prime factors of d?
7, 13
Let v(b) = b**3 - 6*b**2 + b - 3. Let f be v(5). Let j = f - -23. Suppose -3*u = 2*y - 69, -u + 2*y + j*y + 15 = 0. List the prime factors of u.
3, 7
Let c(l) = 32*l**2 + 40*l + 111. What are the prime factors of c(-11)?
3, 1181
Let h be 882/56 + (-2)/(-8). Suppose 2*r = 2*z + 8, -z - h = -3*r + 3*z. Suppose 0 = -r*v - v + 27. What are the prime factors of v?
3
Let i be 2/13 - 333/(-117). Let c be (-10)/4*(4 - 6). Suppose -13 = -o + p + i*p, 2*o = c*p + 26. What are the prime factors of o?
13
Let t = 14 + 32. What are the prime factors of (-1 + 5 + -6)/((-1)/t)?
2, 23
Suppose -2*p + 13 = -m, -4*p + 2 = 4*m + 6. Suppose 5*n = 3*d + p, 6*n = 5*d + n. Suppose -o = s - 13, -3*o - 2*s = d*s - 43. What are the prime factors of o?
3
Suppose 35 = f - 8*s + 3*s, 2*f - 40 = 4*s. Let x = f + -4. Let y(d) = -d**3 + 7*d**2 - 4*d + 5. What are the prime factors of y(x)?
17
Suppose 0 = 3*f + 4*i - 28, -f - i - 4 = -3*f. Let t(r) = 3*r**2 + 5*r - 22. Let w be t(-5). Suppose -8 - w = -f*o. List the prime factors of o.
3
Let a(v) = 3*v + 8. Let u be a(-4). List the prime factors of 27 + (-1 + -6 - u).
2, 3
What are the prime factors of (-3 - (4 + 987))/(26/(-39))?
3, 7, 71
List the prime factors of (-20 - 86)*2/((-12)/111).
37, 53
Suppose -n - 3 = -4*o - 0*o, -5*n + 35 = 5*o. Let y be 7*n/((-105)/(-18)). Suppose 5*v + u = 22, y*v = 4*v - 3*u + 1. What are the prime factors of v?
5
Suppose -7025 = 669*o - 674*o. What are the prime factors of o?
5, 281
Let i(b) = 14*b**2 + 7*b + 4. List the prime factors of i(6).
2, 5, 11
Suppose 0 = 5*f + v - 63, -3*v - 2*v - 33 = -4*f. What are the prime factors of -6*-2*4/f?
2
Let l = 650 + -365. List the prime factors of l.
3, 5, 19
Let h(x) = x**3 + 17*x**2 + 13*x - 18. Let i be h(-16). Suppose 128 = -i*d + 31*d. What are the prime factors of d?
2
Suppose 0 = v - 0*v + 85. Let y = v + 180. List the prime factors of y.
5, 19
Suppose 3*u + 192 = -m + 2501, -2319 = -3*u - 3*m. List the prime factors of u.
2, 3
Suppose 0 = -7*o + 9736 + 6105. What are the prime factors of o?
31, 73
Let l(j) = -j**3 + 4*j**2 + 3*j + 3. Let o = 7 - 4. Let m be l(o). Suppose -31 - m = -4*b